 7694. Let y be h(-158). Calculate the highest common factor of 318 and y.
106
Suppose 16*f = 51 - 3. Suppose 0 = -y - 10 - 2. Let v be -3*(-4)/y*-33. What is the highest common divisor of f and v?
3
Let t = 207 - 211. Let j be 129 - ((-64)/t - 8). Calculate the greatest common factor of j and 44.
11
Let l(k) = k**3 + 4*k**2 - 26*k + 7. Let i be 15/(-6)*2 + -2. Let w be l(i). Calculate the greatest common factor of w and 112.
14
Suppose -178 = 74*c - 76*c. Suppose 96*j = c*j + 308. Calculate the greatest common factor of j and 33.
11
Let g = 9585 - 9559. Suppose u - 20 = -4*y + 4*u, -3*u = -y + 14. What is the highest common divisor of g and y?
2
Suppose 16*r = 19*r - 54. Let c = 323 - 125. Suppose -c + r = -l. Calculate the highest common factor of l and 12.
12
Let f be -2 + (-4465)/(-4) + 4/(-16). Let q(j) = -j + f*j**2 - 1116*j**2 - 21*j**3 + 4 - 4. Let r be q(-1). Calculate the greatest common divisor of 20 and r.
20
Let a be (-48)/14*5*(-14)/(-4). Let y be a/27*(-45)/10. Let j be 2/(2/y + 19/(-120)). What is the greatest common factor of 16 and j?
16
Let v = -165 + 243. Suppose -114*u + 107*u + 42 = 0. What is the greatest common factor of v and u?
6
Suppose 14*k = 5 + 65. Suppose 0 = -k*v + 33 + 32. Calculate the greatest common divisor of 1 and v.
1
Let v = 357 + -349. Suppose 5*h = 4*j - 199, 177 = 4*j + 3*h - 62. What is the greatest common factor of v and j?
8
Let u(x) = 75*x - 8470. Let h be u(132). What is the highest common divisor of 26 and h?
26
Suppose j = -c + 4*j + 303, 0 = -c - 2*j + 278. Let q be (3*(-24)/(-27))/(16/c). What is the greatest common factor of q and 18?
6
Let a = -55 - -156. Suppose 42 = 11*n - a. Calculate the greatest common factor of n and 1.
1
Let w(k) = 14*k**2 - 72*k - 10. Let l be 1 + 8/(-7) - (-256)/28. Let t be w(l). Calculate the highest common factor of t and 68.
68
Suppose 2*u - 4*p + 9 = 31, 2*u + 3*p = -6. Suppose 4*a = -4*g + 388, -5*g + 8 = -u*a - 445. Calculate the greatest common factor of 434 and g.
31
Suppose -2*h + 110 = 2*l - 6*h, 5*h + 421 = 7*l. Let k = -6 + 12. Let y = k + 1. What is the highest common divisor of l and y?
7
Let g be 1/(15/(-9)) + (-1265)/(-25). Suppose 5*c - 2*u = 496, -3*c - 2*u + 281 + 23 = 0. What is the greatest common factor of g and c?
50
Suppose 10*q - 25*q = -10*q - 202075. Calculate the greatest common factor of q and 59.
59
Suppose 4*z - 193 = -4*u + 51, -z - 3*u + 57 = 0. Suppose 0 = -59*g + z*g - 156. Let k be ((-6)/2)/(4/(-364)). What is the highest common factor of k and g?
39
Let c = -102 + 108. Suppose -17 = -2*x + v, 3*v - 15 = c*v. Let u = -33 + 48. What is the greatest common factor of x and u?
3
Suppose -3*x = -12 - 15. Let t = x - -131. Suppose w - t - 125 = -5*z, 2*w + 64 = z. Calculate the highest common divisor of 18 and z.
18
Suppose 5*m - a - 5019 = 0, -3*m + 25*a - 24*a + 3013 = 0. Let l = 158 + -99. What is the greatest common factor of m and l?
59
Suppose -5*j - 4*q + 99 = 0, -6 - 2 = 2*q. Suppose 0 = 5*w - 113 + j. Suppose t = 8 + w. Calculate the highest common factor of 260 and t.
26
Let c be 2396 - (-7)/14*8. Calculate the highest common factor of c and 75.
75
Suppose 8*d + 329 = d. Let q = d - -46. Let j be (-467)/(-9) + q/(-9). Calculate the greatest common divisor of 78 and j.
26
Suppose 5*h + 2*w = 156, 3*w - 69 = -91*h + 89*h. Let s = -10 + 14. Let u(f) = 16*f**2 + 3*f + 2. Let k be u(s). What is the greatest common divisor of k and h?
30
Let s = 131 - 47. Suppose 2*y - 6*q = -2*q + s, q = 3*y - 106. Let x(v) = -207*v + 11691. Let h be x(55). What is the greatest common divisor of y and h?
34
Let h = -139 - -17. Let m be (-7 + -1)*(-1869)/84. Let i = h + m. Calculate the highest common divisor of 7 and i.
7
Let q(x) = 2*x**2 + 56*x - 790. Let g be q(11). What is the highest common factor of 2856 and g?
68
Suppose -67*d + 293610 = -618796. Calculate the highest common divisor of d and 22.
22
Let o(w) = 0 + w**3 - 2 + 332*w + 7 - 346*w - 13*w**2. Let y be o(14). Let n = 12 + -2. Calculate the highest common factor of n and y.
5
Suppose 0 = 7*z - 9*z + 8. Let i be (z/8)/(1/98). Let j = i - 32. What is the greatest common divisor of j and 34?
17
Let r(h) = h**3 + 11*h**2 - 80*h + 6. Let l be r(-16). Let k(g) = -g**2 + 42. Let u be k(0). Calculate the highest common divisor of u and l.
6
Let k = -28538 + 42875. What is the greatest common divisor of k and 177?
177
Let l be 1518/(-44)*(1 + -3). Let n = l + -60. Suppose 0 = -y + 4*y - 9. Calculate the highest common factor of n and y.
3
Let b = 40 - 29. Suppose -4*d + 2*x + 10 - 2 = 0, -4*x + 16 = 0. Calculate the greatest common factor of b and d.
1
Let o = 12609 - 12557. What is the highest common divisor of 78 and o?
26
Suppose 0*h + 16 = 4*h, 0 = 4*z + 2*h - 32. Suppose -z*x + 198 = 12*x. Calculate the greatest common divisor of 253 and x.
11
Let l(t) = t**2 - 17*t + 3. Let x be l(17). Suppose -2*z + 28 = 2*u - 26, 84 = x*z + 4*u. Let i = -9 + 69. Calculate the greatest common divisor of i and z.
12
Let y be -3*(-2)/(-2) + 10. Suppose -4*b = -y - 37. What is the highest common divisor of b and 33?
11
Suppose 27 = 4*v - 109. Suppose 0 = -2*s, 3*s - 92 = 3*q - 7*q. Suppose 7212 = q*h + 956. What is the highest common divisor of h and v?
34
Let k be (-33)/55 - (2/6)/(5/(-10014)). What is the highest common factor of k and 377?
29
Let d be (-504)/(-36)*3/14. Let z be 1585 - d*45/(-27). Calculate the greatest common divisor of 30 and z.
30
Let j be 24*(6 + 65/(-15)). Let t = 9 + j. Let y = -22 - -316. Calculate the greatest common divisor of y and t.
49
Let a = 1299 + -1289. Calculate the highest common divisor of a and 38.
2
Suppose -84*d + 57723 + 22833 = 0. Calculate the greatest common factor of d and 548.
137
Let w be ((-264)/15)/(390/50 - 8). Suppose -2 = -2*j + 2*s, -2*j + 7*j - 23 = -s. Suppose -j*y = -230 - 298. Calculate the greatest common factor of w and y.
44
Suppose z - 10 = 1. Suppose -2*o - s + 8 = 3, -4*o + 1 = -s. Calculate the highest common divisor of o and z.
1
Let d be 19 + -2 + (9 - 3). Suppose -21*n = -d*n + 60. Calculate the highest common factor of n and 6.
6
Suppose -27*k + 300 = -22*k. Let i = k - 56. Suppose 0 = -2*t - 3*w + 24, 0 = 2*t - i*w - 48 + 10. Calculate the greatest common divisor of t and 15.
15
Let g = 323 - 322. Let b(h) = -26*h + 60. Let n be b(g). Let a = 85 - 34. What is the greatest common factor of n and a?
17
Suppose -129*f + 482*f - 216524 = -63322. Calculate the greatest common divisor of f and 9238.
62
Let o = 3 - -4. Let z(c) = o*c**2 + 3*c**3 + c - 4 + 4*c**3 - 8*c**3. Let b be z(7). What is the highest common factor of b and 33?
3
Let x be -15 + (-8 - (-12 + -141)). Calculate the highest common divisor of 80 and x.
10
Suppose -7*l + 3*l = -n - 8263, 3*l + 2*n = 6189. What is the highest common divisor of l and 175?
35
Let w = -8 - -1. Suppose 0 = -4*f - 4, -2*a + 4*f + 38 = -10. Let z = a + w. What is the highest common factor of z and 135?
15
Suppose -4 = 2*a - 3*a. Suppose -11*g - 172 = -370. Suppose -g = -a*c + 3*c. What is the highest common divisor of c and 18?
18
Let b = -8018 + 11702. What is the highest common factor of 48 and b?
12
Let m be (6/15)/((-144)/45) - (-6636)/96. What is the greatest common factor of m and 3105?
69
Suppose 13*z - 424 = -86. Suppose -b + 5*b = 4*v - 820, 3*v - 2*b = 618. What is the greatest common divisor of z and v?
26
Let m be (56/40 - (-4)/(-10))/((-56)/(-1176)). Calculate the greatest common factor of m and 2373.
21
Let n(c) = 2*c + 6. Let u be n(-4). Let b be (2 - -8) + u - 3. Let g = -2382 + 2422. What is the highest common factor of b and g?
5
Suppose -344*q + 362*q - 8460 = 0. Calculate the highest common divisor of 170 and q.
10
Let g = 9017 + -8925. Calculate the highest common divisor of g and 11178.
46
Suppose g - 8497 = -3*i, 20*g = 15*g - 25. Calculate the greatest common factor of 26 and i.
26
Let h(j) = -j**3 - 4*j**2 + 3*j - 9. Let l be h(-5). Let f be (-38 - -52)/((0 - -1)*l). Calculate the highest common divisor of f and 4.
2
Let d be 0/(-1) - (-3)/1. Let b(l) = l**3 - 4*l**2 + 6. Let k be b(4). Suppose 0*g = d*g - k. What is the highest common divisor of 2 and g?
2
Let t = -11685 - -11885. Calculate the greatest common divisor of 48 and t.
8
Let l = 36132 + -19277. Calculate t